5, h - 2*h = 4*r - 347. Is h a multiple of 19?
False
Does 19 divide (-2)/2 - ((-12)/(-4) + -61)?
True
Let s(n) = 7*n - 7. Let c be s(5). Suppose 5*b + c = 128. Is b a multiple of 11?
False
Let r be 30/7 + 12/(-42). Suppose 2*u - r = -4*l, 0 = -4*u + 3*l - 2*l + 26. Does 2 divide u?
True
Suppose 4*k = -k + 1310. Suppose -2*n = 3*c - k, -5*c = -c + 5*n - 361. Suppose -c = -4*x - 2*i + 3*i, 2*x - 3*i = 42. Is x a multiple of 7?
True
Let w be (5 - -7)*10/6. Suppose 0 = -2*r + w + 52. Does 18 divide r?
True
Is (0 - 2)/(0 - (-4)/(-166)) a multiple of 6?
False
Let w = 14 + -10. Suppose -4*c = -9*c - w*h + 39, 3*c - 4*h - 49 = 0. Is c a multiple of 11?
True
Let j(m) = m**2 + m - 9. Does 6 divide j(6)?
False
Let v(d) = -3*d - 4. Suppose 0 = 2*i - 3*q + 10, -4*i + 5*q - 3*q = 12. Let l be (1 + i)*2 + -6. Is 19 a factor of v(l)?
False
Suppose 6*x = -204 + 1674. Does 49 divide x?
True
Let y(c) be the second derivative of 2*c**3/3 + 7*c**2 - 2*c. Is y(10) a multiple of 18?
True
Let o(c) = -18*c - 2. Does 8 divide o(-1)?
True
Suppose -2*k - 6 + 61 = 5*l, 3*k - 5*l = 45. Does 5 divide k?
True
Suppose 4*t = -2*n, -5*n - 15 = -5*t - 60. Let r be 31/(-2) - (-3)/n. Let c = -9 - r. Is c even?
True
Suppose -5 = 5*j, 4*j = 3*h - 21 - 148. Suppose 0 = -5*m + 216 - 31. Let o = h - m. Does 18 divide o?
True
Let c(f) = 8*f + 7 - 7*f + 6. Let s(x) = -12. Let j(p) = -2*c(p) - 3*s(p). Is j(-7) a multiple of 8?
True
Suppose -8 + 2 = -3*f. Suppose 4*l = 0, 0 = 4*c - 7*c + f*l + 180. Is 20 a factor of c?
True
Suppose 3*f = 6*f - 15. Let o(w) = 2*w**2 - 8*w + 4. Does 7 divide o(f)?
True
Let p = -285 - -477. Does 24 divide p?
True
Suppose 3*l - 3*o = 42, 2*l - 2*o = l + 15. Is 13 a factor of l?
True
Let q(j) = j**3 - 6*j**2 - 8*j - 5. Let w be q(8). Let n = -29 + w. Does 6 divide n?
True
Let t = -242 - -350. Is 17 a factor of t?
False
Does 45 divide (3/6)/((-2)/(-1408))?
False
Is 17 a factor of (170/(-4) + 0)/(2/(-4))?
True
Suppose 0 = -n - 5*d, 6*d = n + 3*d. Suppose b + v - 98 = n, -3*b + 2*v + 142 = -127. Is b a multiple of 30?
False
Let s = 15 - 12. Suppose -8*n + 56 = 4*t - s*n, -47 = -3*t - 5*n. Does 4 divide t?
False
Suppose -4*r + 7 = -x - 10, 4*r = -4*x + 32. Let y(v) = -v**3 - 5*v**2 - 6*v - 6. Let c be y(-4). Does 6 divide (c + r/(-2))*-20?
False
Suppose 0 = -11*c + 7*c + 952. Is 29 a factor of c?
False
Let g(r) = -r + 1. Let z be g(1). Suppose -w + 4*s + 11 = z, s = 4*w + 2*s - 10. Suppose -w*h = -6*h + 81. Is 9 a factor of h?
True
Let p = 8 - -3. Let i(w) = p*w**2 - 2*w - 1 + 0 + 0 + 8*w**2. Is i(-1) a multiple of 7?
False
Let x(p) = -p - 7. Let c be x(-8). Suppose 9 = 2*q - c. Is q even?
False
Suppose -3*d + 54 = -18. Does 5 divide d?
False
Suppose 6*g = 3*g + 9. Suppose -2*z + 60 = -4*f, 0 = 5*z - g*f + f - 118. Is z a multiple of 11?
True
Let v(i) = -i**3 + 3*i**2 + 2*i - 2. Let a be v(3). Suppose 54 = 5*p + 14. Let c = p + a. Is c a multiple of 12?
True
Suppose -13*b = -17*b + 1536. Is b a multiple of 48?
True
Let p = -4 + 3. Let o = p + 10. Does 9 divide o?
True
Suppose 0 = -5*c - 4*g + 2*g + 485, c = g + 97. Is 20 a factor of c?
False
Let l = 17 + 54. Let d = -25 + l. Is 8 a factor of d?
False
Does 28 divide (-1)/10 - (-2193)/30?
False
Suppose 0*m = 2*m - 76. Let u = m + 7. Is 17 a factor of u?
False
Let v(a) = -a**3 - 8*a**2 - a - 6. Let t be v(-8). Suppose 5*u = -4*i + 227 + 502, 2*u - 294 = -4*i. Suppose 3*d + t*d = u. Does 11 divide d?
False
Let g(d) = -8*d**3 - 4*d**2 - d - 1. Is g(-3) a multiple of 14?
True
Suppose -z + 0*a + 104 = -2*a, -z + 102 = -3*a. Is z a multiple of 18?
True
Let g(o) = -2 + 8 + 3*o**2 - 3*o - 3. Is g(2) a multiple of 9?
True
Let a(o) = -6*o - 11. Let h be a(-8). Suppose 5*b + h = 287. Is 16 a factor of b?
False
Suppose 2*r + 3*r - 15 = 0, 3*l = -5*r. Does 6 divide (6/5)/(l/(-50))?
True
Suppose -7*j - 55 = -3*x - 2*j, -5*x = 2*j - 40. Suppose k + k = x. Suppose -k*b + 100 = -b. Does 9 divide b?
False
Suppose -2*f = -f + 16. Let h = -10 - f. Does 6 divide h?
True
Suppose 4*s = -2*b + 36, 2 = -3*s + 5*s. Let z = -16 - -6. Let q = b + z. Is 3 a factor of q?
True
Let i(p) be the third derivative of p**2 - 1/40*p**6 - 1/24*p**4 + 1/3*p**3 - 1/30*p**5 + 0*p + 0. Is 10 a factor of i(-2)?
True
Let b(g) = -g**3 - 15*g**2 + 15*g - 11. Let n = 23 + -39. Is 5 a factor of b(n)?
True
Let i(k) be the second derivative of k**5/20 + k**4/6 + k**2 - 13*k. Suppose -f - f = -4. Is i(f) a multiple of 18?
True
Let s(g) = -g**3 - g**2 + 3*g + 6. Suppose -3*y - 22 = 4*p + 9, -3*p + 8 = -4*y. Is s(p) a multiple of 14?
True
Let y(w) = -w + 20. Let b(n) = n**2 + 3*n. Let j be b(-3). Does 10 divide y(j)?
True
Let d(r) = 4*r**2 + r + 2. Is d(3) a multiple of 5?
False
Suppose -f = 2*f - 9. Let g = f + 9. Is g a multiple of 5?
False
Is 19 a factor of 22880/120 + (-2)/3?
True
Let c be (3/3 + 5)*1. Let z = c - 4. Suppose -28 = -4*d - 4*y + 12, z*y = 5*d - 29. Is d a multiple of 3?
False
Let m(a) = -7*a - 1. Let w be m(-3). Suppose -5*p + 4*p = -w. Is p a multiple of 4?
True
Suppose 0 = -28*f + 33*f - 425. Is f a multiple of 10?
False
Suppose 2*h = -4*v + 68, 3*h + 2*v = v + 117. Suppose 0 = 2*g - s + 31, -5*g + 0*s - 4*s - 84 = 0. Let x = g + h. Is x a multiple of 8?
True
Let d(b) = -3*b**3 - 15*b**2 - 9*b + 13. Let i(u) = 5*u**3 + 23*u**2 + 13*u - 19. Let t(c) = -8*d(c) - 5*i(c). Let o be t(6). Is 2/3 + (-4)/o a multiple of 2?
True
Suppose 276 = 4*q + 4*y, y + 205 = 4*q - 66. Is q a multiple of 17?
True
Let u = -6 + 6. Suppose u = -w - 4*w + 20. Let o = w + 2. Is 6 a factor of o?
True
Let c(w) = 9*w**2 - 3*w + 5. Is 9 a factor of c(2)?
False
Let d = 79 + -32. Suppose 22 - d = b. Let m = b + 43. Is 6 a factor of m?
True
Suppose 3*p = -c + 3, 2*p - 2*c = 9 + 1. Suppose 5*h - p*w = 76, -h - w - 4 = -22. Is 8 a factor of h?
True
Suppose 15 = -z + 5. Let b = z + 24. Does 14 divide b?
True
Let u(t) = t**2 - 3*t + 8. Is u(4) a multiple of 3?
True
Let n(z) = -z**2 - 16*z - 1. Is 21 a factor of n(-8)?
True
Let m = -194 + 314. Is m a multiple of 24?
True
Suppose 2*y + 3 = d, 4*y + 15 = 5*d - 0*y. Suppose -6 = -d*m + 2*m. Suppose -8 = -2*l - 4*p + m, -3*l = -p - 21. Is 3 a factor of l?
False
Let w be 178/(-8) - (-3)/12. Let h be (-172)/w - (-12)/66. Suppose 0 = 5*g + h - 78. Does 7 divide g?
True
Suppose -5*l = -214 + 74. Suppose 3*x - x = l. Does 12 divide x?
False
Let c(z) = -15*z - 4. Does 10 divide c(-5)?
False
Let d = 916 + -547. Does 9 divide d?
True
Let x(h) = h**3 - 4*h**2 - 2*h + 4. Let q be x(4). Does 18 divide (-18)/(2/q*1)?
True
Suppose -j - 11 = 3*n - 174, 0 = -5*n - 2*j + 271. Is n a multiple of 4?
False
Let q(b) = 4*b. Let r be q(1). Suppose 10 = 3*c + l, 4*c - 3*l + r - 13 = 0. Suppose 0 = -y + w + 30, -2*y + c*w = -26 - 36. Is 16 a factor of y?
False
Let m = 16 + -10. Let h = 48 - m. Does 20 divide h?
False
Let l be (-3)/(1/(-2) - -2). Let c be l/8 - 1/(-4). Suppose -20 = -5*y - c. Is 3 a factor of y?
False
Suppose 3*x + 18 - 72 = 0. Is 9 a factor of x?
True
Suppose -4*b = -14 - 106. Is b a multiple of 10?
True
Is 55 a factor of (-1978)/(-9) + 14/63?
True
Let o(v) = v**2 - 3*v - 2. Does 8 divide o(-3)?
True
Suppose 7*m - 4*m - 341 = 2*i, -5*m + 563 = -2*i. Does 37 divide m?
True
Suppose 6*g = 11*g - 180. Suppose -m + 0 = -g. Is 18 a factor of m?
True
Let l = -20 - -56. Is l a multiple of 18?
True
Let u = 3 - -57. Does 15 divide u?
True
Let m(q) = -6 + 2 - 1 + 3*q. Let y(v) = 5*v**2 - 1. Let u be y(1). Is 6 a factor of m(u)?
False
Suppose -27*s - 115 = -28*s. Is s a multiple of 23?
True
Let u be -2*(-5 + -3)/4. Suppose 2*t - 46 = u*p, 22 = 3*t - 2*p - 43. Is t a multiple of 21?
True
Let w be 10/3 + (-2)/(-3). Let i(u) be the first derivative of 5*u**2/2 + 4*u - 10. Is i(w) a multiple of 8?
True
Let v = -119 + 383. Is (-6)/15 - v/(-10) a multiple of 12?
False
Suppose w + w - 12 = 0. Suppose 3*f - 3 = w. Suppose -f*o = -20 - 16. Is 12 a factor of o?
True
Suppose -56 - 100 = -4*q. Suppose -3*i + q = 2*i + 3*j, 0 = i + 4*j - 18. Is i a multiple of 4?
False
Let n = -381 + 675. Is n a multiple of 14?
True
Let a be (3/(-2) + 1)*0. Let i(d) = d + 15. Is 14 a factor of i(a)?
False
Suppose -4*a - 6 = -6*a. Does 2 divide a?
False
Let w = 226 - 97. Does 35 divide w?
False
Suppose 0 = -3*h + y + 13, -6*h + 3*h + 17 = -2*y. Suppose 0 = l + 2*k - 40, -2*k + 0*k + 11